ivative of 11*i**2/2 + 37*i - 12. Let a(s) = -12*s - 37. Let w(f) = 5*a(f) + 6*q(f). What are the prime factors of w(15)?
127
What are the prime factors of 1513070/350 + (-10)/175?
3, 11, 131
Suppose -4*l = n - 159496 - 59963, 3*l - 2*n - 164575 = 0. What are the prime factors of l?
83, 661
Let u = -67342 - -125800. List the prime factors of u.
2, 3, 9743
Let a(o) = 2*o**2 + 43*o - 44. Let j be (-12)/(-3) + (-1 - 33). What are the prime factors of a(j)?
2, 233
What are the prime factors of (1692/696 + 4/58)/((-1)/(-13310))?
5, 11
Let y(s) = 2 + 258*s**2 - 3*s - 3 + 0*s - 5*s**3 - 260*s**2. Suppose 2 = b - 3*q - 10, 0 = -3*b - q - 14. What are the prime factors of y(b)?
5
Let m = 23333 - 16101. List the prime factors of m.
2, 113
Let i = 10370 - 5063. List the prime factors of i/18 - 24/(-144).
5, 59
Suppose -q = 4*q + 225. Let v = q + 88. Suppose 0 = 4*n - 3*f - v, 2*f = -3*n - f + 27. List the prime factors of n.
2, 5
Let l = 2708 + 6145. What are the prime factors of l?
3, 13, 227
Let n(w) = 2*w**2 + 16*w - 60. Let o be n(-11). Suppose o*i + 675 = 3777. What are the prime factors of i?
11, 47
Let j be ((-1)/((-5)/(-3)))/(1/(-5)). Suppose j*t - 2*d - 19 - 1339 = 0, -d = -t + 451. Suppose 6*s + 0*s - t = 0. List the prime factors of s.
2, 19
Suppose -w + 4*j + 269 = 0, 5*w + 5*j = 755 + 490. Let t = -7 + w. What are the prime factors of t?
2, 3, 41
Let x = 85741 - 52991. What are the prime factors of x?
2, 5, 131
Suppose 46330 + 17678 = 8*q. List the prime factors of q.
3, 7, 127
Let t(m) = 3*m**3 - 3*m**2 + 6*m. Suppose 0 = 4*q - 9*q + 30. Suppose -i = 4, 3*k - 3*i - q - 15 = 0. List the prime factors of t(k).
2, 3
Let j = -112 + 198. Let q = 65 + j. List the prime factors of q.
151
Let j(n) = n**2 + 7*n + 8. Let l be j(-3). Let f be (-3)/4 + (9/l)/(-3). Suppose f*b = 2*b - 250. List the prime factors of b.
5
Let i = -822 - -1250. Suppose -31*o = i - 5419. What are the prime factors of o?
7, 23
Let c(n) = -128*n - 3. Let v be c(-2). Suppose 2*a + 3*a - v = -2*u, -5*u - 5*a = -595. What are the prime factors of (u/(-24))/(2/(-8))?
19
Let k(p) be the third derivative of 11*p**4/3 + 16*p**2. Let y be k(-1). Let l = -45 - y. What are the prime factors of l?
43
Suppose 2*t - 586 = 4624. List the prime factors of t.
5, 521
Let x(q) be the second derivative of 7*q**3/6 + 69*q**2/2 + 28*q. Let o be x(-9). Suppose -4*u - 422 = -o*u. What are the prime factors of u?
211
Let r(i) = -15*i + 40. Let a(w) = -w**3 - 11*w**2 + 7*w + 36. Let f be a(-11). List the prime factors of r(f).
5, 131
Let v(h) = -12*h - 8. Let x be v(-1). Suppose -9*d + 25 = -x*d. Suppose 5*n = 4*n + p + 110, -4*p + 568 = d*n. What are the prime factors of n?
2, 7
Let o be 84/(-10)*(-75)/30. Suppose -3*d + 11 = -4*f - o, 3*f = 5*d - 35. Suppose m = -3*m + 4*c + 100, m + d*c - 20 = 0. List the prime factors of m.
2, 3
What are the prime factors of 8519 + -5 + 16 + 1 + -8?
3, 947
Suppose 2*w + 7*r = 21*r + 84186, 3*r + 42089 = w. List the prime factors of w.
2, 11, 1913
Suppose -2*l - 3*t = -t - 2778, 3*l = -t + 4167. Suppose 3*w + 5*c = -w + 1419, 5*c = 4*w - l. What are the prime factors of w?
3, 13
Suppose -4*y + 458031 = 9*y + 8*y. List the prime factors of y.
17, 1283
Let w = -61 - 55. Let p = 363 + w. Let l = p - 26. List the prime factors of l.
13, 17
Suppose -6*w + 72 = 3*w. Suppose 2*p - w + 4 = 0. Suppose -d + 3*k + 90 = 0, p*k - 248 = -4*d + 98. What are the prime factors of d?
3, 29
Suppose 47*b + 5*k + 44321 = 51*b, 4*b + 5*k - 44311 = 0. Suppose 0 = 43*v - b - 33211. What are the prime factors of v?
2, 5, 103
Let b(m) = 6*m**3 - 6*m**2 - 4*m - 2. Let q(u) = u**3 - u + 1. Let i(s) = -b(s) + 5*q(s). Let x be i(6). List the prime factors of (x/4 + 3/12)*160.
2, 5
Let r = 21614 + -11457. List the prime factors of r.
7, 1451
Suppose w = -n + 54360, -2 = 4*w - 14. What are the prime factors of n?
3, 18119
Let m = 39717 - 1925. List the prime factors of m.
2, 1181
Let o be 0*(-1 - (-9)/6). Let q = 1133 + -1125. Suppose o = -d + 4 + q. What are the prime factors of d?
2, 3
Let p(f) = -8*f**3 - 7*f**2 - 4*f + 443. What are the prime factors of p(-13)?
2, 2111
Let g = -254 + 438. What are the prime factors of 13/(8/g*(0 - -1))?
13, 23
Let j = -6338 - -9085. What are the prime factors of j?
41, 67
Let b(o) = o**3 - 5*o**2 - 7*o - 6. Let p be b(7). Let j(g) = -21*g - 11 - p*g - 11*g - 5*g. List the prime factors of j(-2).
149
Let n(c) = 3*c**3 - 17*c**2 - 7*c. Suppose -3 = -6*m + 9. Let q(x) = 4*x**3 - 18*x**2 - 8*x. Let t(r) = m*q(r) - 3*n(r). What are the prime factors of t(15)?
3, 5
Let l(n) be the second derivative of -23*n**5/120 + n**4/6 - 3*n**3 - 15*n. Let t(b) be the second derivative of l(b). List the prime factors of t(-4).
2, 3
Suppose z + 7 = -2*w, -3*z + 6 - 16 = -5*w. Let o be (-1)/(-3)*3 - (z - -4). Suppose -151 = -o*v - 0*h + h, -4*v = -3*h - 307. What are the prime factors of v?
73
Let t(n) = 17*n**2 + 3*n - 13. Suppose 4*k = -4*w, 0 = -3*k + 3*w + 24 - 0. List the prime factors of t(k).
271
Suppose 10 = 3*z + 2*d, 2*z - 20 = -0*z - 4*d. Suppose z*x - 2*x - 3*r + 771 = 0, r + 1129 = 3*x. List the prime factors of x.
2, 3, 7
Let x = -187 - -213. Suppose 24*h - x*h + n + 76 = 0, -h + 40 = -n. List the prime factors of h.
2, 3
Suppose 0 = -32*v + 177162 + 184214. What are the prime factors of v?
23, 491
Suppose 540 = 4*d - 8*d. Let h = 56 + d. Let w = h - -188. What are the prime factors of w?
109
Suppose 6 = -4*q + 2. List the prime factors of (1/1)/(q/(-641)).
641
Let j be (-34)/4 + (-1)/2. What are the prime factors of j/45 + 3 + 6166/5?
2, 3, 103
Let c be ((3 - -5) + -3)*-42. Let y = 327 + c. List the prime factors of y.
3, 13
Suppose -30*m + 7*m = -352682. Suppose 12680 = 14*y - m. What are the prime factors of y?
3, 23, 29
Let h(m) = 2*m - 8. Let l be h(4). Suppose -k - 3*g + 200 = 0, 0*k + 2*k - g - 379 = l. List the prime factors of k.
191
Let x(y) = y**3 - 57 - 225*y**2 + 104*y**2 + 28*y + 106*y**2. What are the prime factors of x(16)?
647
Let o = -2916 + 1326. What are the prime factors of (189/(-18) + 10)/(3/o)?
5, 53
Suppose -2*x + 238 = 2*f - 836, 2658 = 5*f - 4*x. Let r(u) = f - u**2 + 15*u - 556 + 13*u. What are the prime factors of r(19)?
149
Suppose -2*z = -3*p + 112726 + 16447, 2*z = 4*p - 172230. List the prime factors of p.
7, 6151
Let b be 80/(-72)*(-8 + -1). Suppose b*z = 8*z + 224. What are the prime factors of z?
2, 7
Let q(h) = 110*h**2 - 3*h + 4. Suppose 4*j + 0*x - 4*x = -220, -4*j + x = 226. Let p = 58 + j. List the prime factors of q(p).
3, 37
Let k(r) = 97*r**2 + 1. Suppose -5 = -i - 1. Suppose -148*q - i = -144*q. What are the prime factors of k(q)?
2, 7
What are the prime factors of ((-1352)/182 - (-3 - 36/(-14))) + 45962?
5, 7, 13, 101
Suppose 1938 = -18*t + 15*t. List the prime factors of (-15)/10 - t/4.
2, 5
Let a be (27/(-18))/((-9)/(-12)). Let t be 2*1 + (a - (-2 - 58)). List the prime factors of t + (-5 - -5)/(-5).
2, 3, 5
Suppose 19*u - 17*u = 16. List the prime factors of -2 + 2170/u - 27/108.
269
Let o(f) = 11*f**2 + 64*f - 28. Let g(s) = -24*s**2 - 129*s + 57. Let p(x) = 3*g(x) + 7*o(x). What are the prime factors of p(-13)?
3
Suppose 4*x - 808 = -3*t + 507, 3*x - 3*t - 981 = 0. Suppose -f + 4*k + 315 = 0, f + 15 = 3*k + x. List the prime factors of f.
307
Let h = -666 - -169. Let g = -174 - h. List the prime factors of g.
17, 19
Let l(q) be the second derivative of q**3/3 - 11*q**2 + 15*q. Let u be l(-7). What are the prime factors of (-1200)/u + (-4)/(-6)?
2, 17
Let n(d) = 3*d**3 + 14*d**2 + 8*d + 7. Let g be n(-3). Suppose g*a = 24*a + 5992. What are the prime factors of a?
2, 7, 107
Let r = -7761 + 7753. Let i(n) = -n**2 - 19*n - 77. Let p(z) = 9*z + 39. Let b(u) = -2*i(u) - 5*p(u). What are the prime factors of b(r)?
11, 13
Let o(g) = -g**3 + 21*g**2 - 18*g - 33. Let l be o(20). Suppose 0 = 6*p - l*p + 2011. What are the prime factors of p?
2011
What are the prime factors of 76880/372*(0 + 1 + 17)?
2, 3, 5, 31
Let o(t) = 7*t**2 - 2636. List the prime factors of o(-48).
2, 3373
Suppose 4*a - 20 = -0*a - 4*d, -5*a = -3*d + 7. List the prime factors of a*(-1841)/(-35)*5.
263
Let j(x) = -x**2 - 168*x - 31. What are the prime factors of j(-44)?
5, 7, 31
Suppose -c - 3*i = -386, -8*c - 1510 = -12*c + 5*i. Let q = 13 + -9. Su